{"id":14048,"date":"2022-07-18T16:20:36","date_gmt":"2022-07-18T21:20:36","guid":{"rendered":"https:\/\/www.nashgroup.com\/bios\/"},"modified":"2025-01-20T09:51:22","modified_gmt":"2025-01-20T15:51:22","slug":"bios","status":"publish","type":"page","link":"https:\/\/www.nashgroup.com\/es\/bios\/","title":{"rendered":"Bios"},"content":{"rendered":"\n<h2 class=\"wp-block-heading\">D\u00e9cadas de experiencia sanitaria.<\/h2>\n\n\n\n<p>El equipo del Grupo Nash ha estado en su lugar. Deborah Terry y David Ledersnaider Ph.D. dirigen el equipo y son ampliamente reconocidos por su excelencia en sus campos. Juntos, ellos y su equipo aportan una gran cantidad de experiencia y datos para ayudar a mejorar sus resultados. De hecho, casi todos los miembros de nuestro equipo aportan d\u00e9cadas de experiencia en la prestaci\u00f3n de servicios sanitarios. A continuaci\u00f3n encontrar\u00e1 m\u00e1s informaci\u00f3n y podr\u00e1 ver a todos nuestros expertos<\/p>\n\n\n\n<section id=\"section-7d94326b-1360-4250-a5ba-4eb9fe49c26d\" class=\"wp-block-gutentor-team gutentor-section gutentor-team team-template1\"><div class=\"grid-container\"><div class=\"gutentor-block-header\"><div class=\"gutentor-section-title enable-title-design seperator-bottom text-center\"><h2 class=\"gutentor-title\">Nuestro equipo<\/h2><\/div><\/div><div class=\"grid-row gutentor-grid-item-wrap\"><div class=\"gutentor-grid-column grid-lg-4 grid-md-4 grid-12\"><div class=\"gutentor-single-item gutentor-image team-template1 gutentor-single-item-0\"><div class=\"gutentor-template-wrapper\"><div class=\"gutentor-single-item-image-box\"><div class=\"gutentor-image-thumb\"><img loading=\"lazy\" decoding=\"async\" class=\"normal-image\" src=\"https:\/\/www.nashgroup.com\/wp-content\/uploads\/2023\/10\/28.png\" alt=\"\" height=\"240\" width=\"350\"\/><\/div><\/div><div class=\"gutentor-single-item-content\"><h3 class=\"gutentor-single-item-title\"><strong><a href=\"https:\/\/www.nashgroup.com\/team\/deborah-terry\/\">Deborah Terry, RN, M<\/a><\/strong>SN<\/h3><p class=\"gutentor-single-item-designation\"><em><em>Presidente<\/em><\/em><\/p><p class=\"gutentor-single-item-desc\">Deborah Terry es presidenta de The Nash Group, un grupo l\u00edder en asesoramiento y consultor\u00eda sanitaria. Aporta m\u00e1s de 30 a\u00f1os de conocimientos y experiencia en enfermer\u00eda, recursos humanos y consultor\u00eda para apoyar las operaciones y los clientes de la empresa. <\/p><a class=\"gutentor-button gutentor-single-item-button gutentor-icon-hide\" href=\"https:\/\/www.nashgroup.com\/deborah-terry\/\"><i class=\"gutentor-button-icon fas fa-book\"><\/i><span><a href=\"https:\/\/www.nashgroup.com\/es\/deborah-terry\/\">Leer m\u00e1s<\/a><\/span><\/a><\/div><\/div><\/div><\/div><div class=\"gutentor-grid-column grid-lg-4 grid-md-4 grid-12\"><div class=\"gutentor-single-item gutentor-image team-template1 gutentor-single-item-1\"><div class=\"gutentor-template-wrapper\"><div class=\"gutentor-single-item-image-box\"><div class=\"gutentor-image-thumb\"><img loading=\"lazy\" decoding=\"async\" class=\"normal-image\" src=\"https:\/\/www.nashgroup.com\/wp-content\/uploads\/2023\/10\/11.png\" alt=\"\" height=\"240\" width=\"350\"\/><\/div><\/div><div class=\"gutentor-single-item-content\"><h3 class=\"gutentor-single-item-title\"><strong><a href=\"https:\/\/www.nashgroup.com\/david-ledersnaider\/\">David ledersnaider, Ph.D.<\/a><\/strong><\/h3><p class=\"gutentor-single-item-designation\"><em><em>Director General<\/em><\/em><\/p><p class=\"gutentor-single-item-desc\">El Dr. Ledersnaider es el director general de The Nash Group. Con m\u00e1s de 30 a\u00f1os de ejercicio profesional como educador y consultor, est\u00e1 especializado en el redise\u00f1o de operaciones, la implantaci\u00f3n de tecnolog\u00edas de la informaci\u00f3n y la gesti\u00f3n estrat\u00e9gica de costes en el Hopitalario.<\/p><a class=\"gutentor-button gutentor-single-item-button gutentor-icon-hide\" href=\"https:\/\/www.nashgroup.com\/david-ledersnaider\/\"><i class=\"gutentor-button-icon fas fa-book\"><\/i><span><a href=\"https:\/\/www.nashgroup.com\/es\/david-ledersnaider\/\">Leer m\u00e1s<\/a><\/span><\/a><\/div><\/div><\/div><\/div><div class=\"gutentor-grid-column grid-lg-4 grid-md-4 grid-12\"><div class=\"gutentor-single-item gutentor-image team-template1 gutentor-single-item-2\"><div class=\"gutentor-template-wrapper\"><div class=\"gutentor-single-item-image-box\"><div class=\"gutentor-image-thumb\"><img loading=\"lazy\" decoding=\"async\" class=\"normal-image\" src=\"https:\/\/www.nashgroup.com\/wp-content\/uploads\/2023\/10\/21.png\" alt=\"\" height=\"240\" width=\"350\"\/><\/div><\/div><div class=\"gutentor-single-item-content\"><h3 class=\"gutentor-single-item-title\"><strong><a href=\"https:\/\/www.nashgroup.com\/shawn-semedalas\/\">Shawn Semedalas, RN, B<\/a><\/strong>SN<\/h3><p class=\"gutentor-single-item-designation\"><em><em>Vicepresidente Ejecutivo de Operaciones<\/em><\/em><\/p><p class=\"gutentor-single-item-desc\">Shawn Semedalas, RN, BSN es vicepresidente y consultor senior de The Nash Group. Con m\u00e1s de 25 a\u00f1os de experiencia en enfermer\u00eda y gesti\u00f3n sanitaria, se centra en la mejora de las operaciones hospitalarias y la gesti\u00f3n del personal. <\/p><a class=\"gutentor-button gutentor-single-item-button gutentor-icon-hide\" href=\"https:\/\/www.nashgroup.com\/shawn-semedalas\/\"><i class=\"gutentor-button-icon fas fa-book\"><\/i><span><a href=\"https:\/\/www.nashgroup.com\/es\/shawn-semedalas\/\">Leer m\u00e1s<\/a><\/span><\/a><\/div><\/div><\/div><\/div><div class=\"gutentor-grid-column grid-lg-4 grid-md-4 grid-12\"><div class=\"gutentor-single-item gutentor-image team-template1 gutentor-single-item-3\"><div class=\"gutentor-template-wrapper\"><div class=\"gutentor-single-item-image-box\"><div class=\"gutentor-image-thumb\"><img loading=\"lazy\" decoding=\"async\" class=\"normal-image\" src=\"https:\/\/www.nashgroup.com\/wp-content\/uploads\/2023\/10\/22.png\" alt=\"\" height=\"240\" width=\"350\"\/><\/div><\/div><div class=\"gutentor-single-item-content\"><h3 class=\"gutentor-single-item-title\"><strong><a href=\"https:\/\/www.nashgroup.com\/kerry-abbott\/\">Kerry Abbott, RN, M<\/a><\/strong>SN<\/h3><p class=\"gutentor-single-item-designation\"><em><em>Vicepresidente Ejecutivo de Contrataci\u00f3n<\/em><\/em><\/p><p class=\"gutentor-single-item-desc\">Kerry Abbott, RN, MSN es vicepresidenta y consultora senior de The Nash Group. Es una consumada ejecutiva del sector sanitario con m\u00e1s de 30 a\u00f1os de experiencia en el liderazgo operativo progresivo y diversificado en el \u00e1mbito de los hospitales de cuidados intensivos.<br><\/p><a class=\"gutentor-button gutentor-single-item-button gutentor-icon-hide\" href=\"https:\/\/www.nashgroup.com\/kerry-abbott\/\"><i class=\"gutentor-button-icon fas fa-book\"><\/i><span><a href=\"https:\/\/www.nashgroup.com\/es\/kerry-abbott\/\">Leer m\u00e1s<\/a><\/span><\/a><\/div><\/div><\/div><\/div><div class=\"gutentor-grid-column grid-lg-4 grid-md-4 grid-12\"><div class=\"gutentor-single-item gutentor-image team-template1 gutentor-single-item-4\"><div class=\"gutentor-template-wrapper\"><div class=\"gutentor-single-item-image-box\"><div class=\"gutentor-image-thumb\"><img loading=\"lazy\" decoding=\"async\" class=\"normal-image\" src=\"https:\/\/www.nashgroup.com\/wp-content\/uploads\/2021\/09\/Amanda-3.jpg\" alt=\"\" height=\"235\" width=\"350\"\/><\/div><\/div><div class=\"gutentor-single-item-content\"><h3 class=\"gutentor-single-item-title\"><strong><a href=\"https:\/\/www.nashgroup.com\/amanda-krausz\/\">Amanda Krausz, RN, MSN<\/a><\/strong><\/h3><p class=\"gutentor-single-item-designation\"><em>Director de Operaciones<\/em><\/p><p class=\"gutentor-single-item-desc\">Amanda Krausz, MBA, MSN, RN es consultora de The Nash Group. Como consultora, est\u00e1 especializada en gesti\u00f3n de personal y an\u00e1lisis laboral. Tiene formaci\u00f3n avanzada en asignaciones cl\u00ednicas y control de la carga de trabajo.<br><\/p><a class=\"gutentor-button gutentor-single-item-button gutentor-icon-hide\" href=\"https:\/\/www.nashgroup.com\/amanda-krausz\/\"><i class=\"gutentor-button-icon fas fa-book\"><\/i><span><a href=\"https:\/\/www.nashgroup.com\/es\/amanda-krausz\/\">Leer m\u00e1s<\/a><\/span><\/a><\/div><\/div><\/div><\/div><div class=\"gutentor-grid-column grid-lg-4 grid-md-4 grid-12\"><div class=\"gutentor-single-item gutentor-image team-template1 gutentor-single-item-5\"><div class=\"gutentor-template-wrapper\"><div class=\"gutentor-single-item-image-box\"><div class=\"gutentor-image-thumb\"><img loading=\"lazy\" decoding=\"async\" class=\"normal-image\" src=\"https:\/\/www.nashgroup.com\/wp-content\/uploads\/2023\/10\/19.png\" alt=\"\" height=\"240\" width=\"350\"\/><\/div><\/div><div class=\"gutentor-single-item-content\"><h3 class=\"gutentor-single-item-title\"><strong><a href=\"https:\/\/www.nashgroup.com\/shannon-landrum\/\">Shannon Landrum, RN, <\/a><\/strong>BSN<\/h3><p class=\"gutentor-single-item-designation\"><em>Directora de Gesti\u00f3n de Clientes<\/em><\/p><p class=\"gutentor-single-item-desc\">Shannon Landrum, RN, BSN es consultora de The Nash Group. Es una consumada enfermera gestora con una gran capacidad de liderazgo. Shannon tiene un profundo conocimiento de las operaciones hospitalarias, incluyendo la dotaci\u00f3n de personal, la colocaci\u00f3n de camas y el liderazgo eficaz del equipo.<\/p><a class=\"gutentor-button gutentor-single-item-button gutentor-icon-hide\" href=\"https:\/\/www.nashgroup.com\/shannon-landrum\/\"><i class=\"gutentor-button-icon fas fa-book\"><\/i><span><a href=\"https:\/\/www.nashgroup.com\/es\/shannon-landrum\/\">Leer m\u00e1s<\/a><\/span><\/a><\/div><\/div><\/div><\/div><div class=\"gutentor-grid-column grid-lg-4 grid-md-4 grid-12\"><div class=\"gutentor-single-item gutentor-image team-template1 gutentor-single-item-6\"><div class=\"gutentor-template-wrapper\"><div class=\"gutentor-single-item-image-box\"><div class=\"gutentor-image-thumb\"><img loading=\"lazy\" decoding=\"async\" class=\"normal-image\" src=\"https:\/\/www.nashgroup.com\/wp-content\/uploads\/2024\/01\/31.png\" alt=\"\" height=\"240\" width=\"350\"\/><\/div><\/div><div class=\"gutentor-single-item-content\"><h3 class=\"gutentor-single-item-title\"><strong><a href=\"https:\/\/www.nashgroup.com\/team\/ronald-finkelstein-mba\/\">Ronald Finkelstein, <\/a><a href=\"https:\/\/www.nashgroup.com\/ronald-finkelstein\/\">B.Eng, MBA<\/a><\/strong><\/h3><p class=\"gutentor-single-item-designation\"><em><em><em>Director del Servicio de Tecnolog\u00eda y Aplicaciones<\/em><\/em><\/em><\/p><p class=\"gutentor-single-item-desc\">Ronald Finkelstein es el director de servicios de aplicaciones de The Nash Group, donde dirige el desarrollo de software y la administraci\u00f3n de redes. Ronald cuenta con m\u00e1s de 20 a\u00f1os de amplia experiencia en consultor\u00eda de tecnolog\u00edas de la informaci\u00f3n, dise\u00f1o de Internet, programaci\u00f3n de software, despliegue e implementaci\u00f3n<\/p><a class=\"gutentor-button gutentor-single-item-button gutentor-icon-hide\" href=\"https:\/\/www.nashgroup.com\/ronald-finkelstein\/\"><i class=\"gutentor-button-icon fas fa-book\"><\/i><span><a href=\"https:\/\/www.nashgroup.com\/es\/ronald-finkelstein\/\">Leer m\u00e1s<\/a><\/span><\/a><\/div><\/div><\/div><\/div><div class=\"gutentor-grid-column grid-lg-4 grid-md-4 grid-12\"><div class=\"gutentor-single-item gutentor-image team-template1 gutentor-single-item-7\"><div class=\"gutentor-template-wrapper\"><div class=\"gutentor-single-item-image-box\"><div class=\"gutentor-image-thumb\"><img loading=\"lazy\" decoding=\"async\" class=\"normal-image\" src=\"https:\/\/www.nashgroup.com\/wp-content\/uploads\/2024\/01\/30.png\" alt=\"\" height=\"240\" width=\"350\"\/><\/div><\/div><div class=\"gutentor-single-item-content\"><h3 class=\"gutentor-single-item-title\"><strong><a href=\"https:\/\/www.nashgroup.com\/team\/pedro-tobo\/\">Pedro Tobo, <\/a><a href=\"https:\/\/www.nashgroup.com\/pedro-tobo\/\">B<\/a><\/strong>.Eng<\/h3><p class=\"gutentor-single-item-designation\"><em><em>Ingeniero de Aplicaciones Senior<\/em><\/em><\/p><p class=\"gutentor-single-item-desc\">Pedro Tobo es ingeniero de dise\u00f1o de aplicaciones y herramientas empresariales en The Nash Group, con m\u00e1s de 10 a\u00f1os de experiencia como dise\u00f1ador, programador y consultor. Ha trabajado en una gran variedad de proyectos que van desde el desarrollo de marcos de software hasta el dise\u00f1o completo de aplicaciones.<br><\/p><a class=\"gutentor-button gutentor-single-item-button gutentor-icon-hide\" href=\"https:\/\/www.nashgroup.com\/pedro-tobo\/\"><i class=\"gutentor-button-icon fas fa-book\"><\/i><span><a href=\"https:\/\/www.nashgroup.com\/es\/pedro-tobo\/\">Leer m\u00e1s<\/a><\/span><\/a><\/div><\/div><\/div><\/div><\/div><\/div><\/section>\n","protected":false},"excerpt":{"rendered":"<p>D\u00e9cadas de experiencia sanitaria. El equipo del Grupo Nash ha estado en su lugar. Deborah Terry y David Ledersnaider Ph.D. dirigen el equipo y son ampliamente reconocidos por su excelencia &#8230;<\/p>\n","protected":false},"author":1,"featured_media":0,"parent":0,"menu_order":0,"comment_status":"closed","ping_status":"closed","template":"","meta":{"footnotes":""},"class_list":["post-14048","page","type-page","status-publish","hentry"],"_links":{"self":[{"href":"https:\/\/www.nashgroup.com\/es\/wp-json\/wp\/v2\/pages\/14048","targetHints":{"allow":["GET"]}}],"collection":[{"href":"https:\/\/www.nashgroup.com\/es\/wp-json\/wp\/v2\/pages"}],"about":[{"href":"https:\/\/www.nashgroup.com\/es\/wp-json\/wp\/v2\/types\/page"}],"author":[{"embeddable":true,"href":"https:\/\/www.nashgroup.com\/es\/wp-json\/wp\/v2\/users\/1"}],"replies":[{"embeddable":true,"href":"https:\/\/www.nashgroup.com\/es\/wp-json\/wp\/v2\/comments?post=14048"}],"version-history":[{"count":5,"href":"https:\/\/www.nashgroup.com\/es\/wp-json\/wp\/v2\/pages\/14048\/revisions"}],"predecessor-version":[{"id":15505,"href":"https:\/\/www.nashgroup.com\/es\/wp-json\/wp\/v2\/pages\/14048\/revisions\/15505"}],"wp:attachment":[{"href":"https:\/\/www.nashgroup.com\/es\/wp-json\/wp\/v2\/media?parent=14048"}],"curies":[{"name":"wp","href":"https:\/\/api.w.org\/{rel}","templated":true}]}}

<h2 class="wp-block-heading">Décadas de experiencia sanitaria.</h2>



<p>El equipo del Grupo Nash ha estado en su lugar. Deborah Terry y David Ledersnaider Ph.D. dirigen el equipo y son ampliamente reconocidos por su excelencia en sus campos. Juntos, ellos y su equipo aportan una gran cantidad de experiencia y datos para ayudar a mejorar sus resultados. De hecho, casi todos los miembros de nuestro equipo aportan décadas de experiencia en la prestación de servicios sanitarios. A continuación encontrará más información y podrá ver a todos nuestros expertos</p>



<section id="section-7d94326b-1360-4250-a5ba-4eb9fe49c26d" class="wp-block-gutentor-team gutentor-section gutentor-team team-template1"><div class="grid-container"><div class="gutentor-block-header"><div class="gutentor-section-title enable-title-design seperator-bottom text-center"><h2 class="gutentor-title">Nuestro equipo</h2></div></div><div class="grid-row gutentor-grid-item-wrap"><div class="gutentor-grid-column grid-lg-4 grid-md-4 grid-12"><div class="gutentor-single-item gutentor-image team-template1 gutentor-single-item-0"><div class="gutentor-template-wrapper"><div class="gutentor-single-item-image-box"><div class="gutentor-image-thumb"><img loading="lazy" decoding="async" class="normal-image" src="https://www.nashgroup.com/wp-content/uploads/2023/10/28.png" alt="" height="240" width="350"/></div></div><div class="gutentor-single-item-content"><h3 class="gutentor-single-item-title"><strong><a href="https://www.nashgroup.com/team/deborah-terry/">Deborah Terry, RN, M</a></strong>SN</h3><p class="gutentor-single-item-designation"><em><em>Presidente</em></em></p><p class="gutentor-single-item-desc">Deborah Terry es presidenta de The Nash Group, un grupo líder en asesoramiento y consultoría sanitaria. Aporta más de 30 años de conocimientos y experiencia en enfermería, recursos humanos y consultoría para apoyar las operaciones y los clientes de la empresa. </p><a class="gutentor-button gutentor-single-item-button gutentor-icon-hide" href="https://www.nashgroup.com/deborah-terry/"><i class="gutentor-button-icon fas fa-book"></i><span><a href="https://www.nashgroup.com/es/deborah-terry/">Leer más</a></span></a></div></div></div></div><div class="gutentor-grid-column grid-lg-4 grid-md-4 grid-12"><div class="gutentor-single-item gutentor-image team-template1 gutentor-single-item-1"><div class="gutentor-template-wrapper"><div class="gutentor-single-item-image-box"><div class="gutentor-image-thumb"><img loading="lazy" decoding="async" class="normal-image" src="https://www.nashgroup.com/wp-content/uploads/2023/10/11.png" alt="" height="240" width="350"/></div></div><div class="gutentor-single-item-content"><h3 class="gutentor-single-item-title"><strong><a href="https://www.nashgroup.com/david-ledersnaider/">David ledersnaider, Ph.D.</a></strong></h3><p class="gutentor-single-item-designation"><em><em>Director General</em></em></p><p class="gutentor-single-item-desc">El Dr. Ledersnaider es el director general de The Nash Group. Con más de 30 años de ejercicio profesional como educador y consultor, está especializado en el rediseño de operaciones, la implantación de tecnologías de la información y la gestión estratégica de costes en el Hopitalario.</p><a class="gutentor-button gutentor-single-item-button gutentor-icon-hide" href="https://www.nashgroup.com/david-ledersnaider/"><i class="gutentor-button-icon fas fa-book"></i><span><a href="https://www.nashgroup.com/es/david-ledersnaider/">Leer más</a></span></a></div></div></div></div><div class="gutentor-grid-column grid-lg-4 grid-md-4 grid-12"><div class="gutentor-single-item gutentor-image team-template1 gutentor-single-item-2"><div class="gutentor-template-wrapper"><div class="gutentor-single-item-image-box"><div class="gutentor-image-thumb"><img loading="lazy" decoding="async" class="normal-image" src="https://www.nashgroup.com/wp-content/uploads/2023/10/21.png" alt="" height="240" width="350"/></div></div><div class="gutentor-single-item-content"><h3 class="gutentor-single-item-title"><strong><a href="https://www.nashgroup.com/shawn-semedalas/">Shawn Semedalas, RN, B</a></strong>SN</h3><p class="gutentor-single-item-designation"><em><em>Vicepresidente Ejecutivo de Operaciones</em></em></p><p class="gutentor-single-item-desc">Shawn Semedalas, RN, BSN es vicepresidente y consultor senior de The Nash Group. Con más de 25 años de experiencia en enfermería y gestión sanitaria, se centra en la mejora de las operaciones hospitalarias y la gestión del personal. </p><a class="gutentor-button gutentor-single-item-button gutentor-icon-hide" href="https://www.nashgroup.com/shawn-semedalas/"><i class="gutentor-button-icon fas fa-book"></i><span><a href="https://www.nashgroup.com/es/shawn-semedalas/">Leer más</a></span></a></div></div></div></div><div class="gutentor-grid-column grid-lg-4 grid-md-4 grid-12"><div class="gutentor-single-item gutentor-image team-template1 gutentor-single-item-3"><div class="gutentor-template-wrapper"><div class="gutentor-single-item-image-box"><div class="gutentor-image-thumb"><img loading="lazy" decoding="async" class="normal-image" src="https://www.nashgroup.com/wp-content/uploads/2023/10/22.png" alt="" height="240" width="350"/></div></div><div class="gutentor-single-item-content"><h3 class="gutentor-single-item-title"><strong><a href="https://www.nashgroup.com/kerry-abbott/">Kerry Abbott, RN, M</a></strong>SN</h3><p class="gutentor-single-item-designation"><em><em>Vicepresidente Ejecutivo de Contratación</em></em></p><p class="gutentor-single-item-desc">Kerry Abbott, RN, MSN es vicepresidenta y consultora senior de The Nash Group. Es una consumada ejecutiva del sector sanitario con más de 30 años de experiencia en el liderazgo operativo progresivo y diversificado en el ámbito de los hospitales de cuidados intensivos.<br></p><a class="gutentor-button gutentor-single-item-button gutentor-icon-hide" href="https://www.nashgroup.com/kerry-abbott/"><i class="gutentor-button-icon fas fa-book"></i><span><a href="https://www.nashgroup.com/es/kerry-abbott/">Leer más</a></span></a></div></div></div></div><div class="gutentor-grid-column grid-lg-4 grid-md-4 grid-12"><div class="gutentor-single-item gutentor-image team-template1 gutentor-single-item-4"><div class="gutentor-template-wrapper"><div class="gutentor-single-item-image-box"><div class="gutentor-image-thumb"><img loading="lazy" decoding="async" class="normal-image" src="https://www.nashgroup.com/wp-content/uploads/2021/09/Amanda-3.jpg" alt="" height="235" width="350"/></div></div><div class="gutentor-single-item-content"><h3 class="gutentor-single-item-title"><strong><a href="https://www.nashgroup.com/amanda-krausz/">Amanda Krausz, RN, MSN</a></strong></h3><p class="gutentor-single-item-designation"><em>Director de Operaciones</em></p><p class="gutentor-single-item-desc">Amanda Krausz, MBA, MSN, RN es consultora de The Nash Group. Como consultora, está especializada en gestión de personal y análisis laboral. Tiene formación avanzada en asignaciones clínicas y control de la carga de trabajo.<br></p><a class="gutentor-button gutentor-single-item-button gutentor-icon-hide" href="https://www.nashgroup.com/amanda-krausz/"><i class="gutentor-button-icon fas fa-book"></i><span><a href="https://www.nashgroup.com/es/amanda-krausz/">Leer más</a></span></a></div></div></div></div><div class="gutentor-grid-column grid-lg-4 grid-md-4 grid-12"><div class="gutentor-single-item gutentor-image team-template1 gutentor-single-item-5"><div class="gutentor-template-wrapper"><div class="gutentor-single-item-image-box"><div class="gutentor-image-thumb"><img loading="lazy" decoding="async" class="normal-image" src="https://www.nashgroup.com/wp-content/uploads/2023/10/19.png" alt="" height="240" width="350"/></div></div><div class="gutentor-single-item-content"><h3 class="gutentor-single-item-title"><strong><a href="https://www.nashgroup.com/shannon-landrum/">Shannon Landrum, RN, </a></strong>BSN</h3><p class="gutentor-single-item-designation"><em>Directora de Gestión de Clientes</em></p><p class="gutentor-single-item-desc">Shannon Landrum, RN, BSN es consultora de The Nash Group. Es una consumada enfermera gestora con una gran capacidad de liderazgo. Shannon tiene un profundo conocimiento de las operaciones hospitalarias, incluyendo la dotación de personal, la colocación de camas y el liderazgo eficaz del equipo.</p><a class="gutentor-button gutentor-single-item-button gutentor-icon-hide" href="https://www.nashgroup.com/shannon-landrum/"><i class="gutentor-button-icon fas fa-book"></i><span><a href="https://www.nashgroup.com/es/shannon-landrum/">Leer más</a></span></a></div></div></div></div><div class="gutentor-grid-column grid-lg-4 grid-md-4 grid-12"><div class="gutentor-single-item gutentor-image team-template1 gutentor-single-item-6"><div class="gutentor-template-wrapper"><div class="gutentor-single-item-image-box"><div class="gutentor-image-thumb"><img loading="lazy" decoding="async" class="normal-image" src="https://www.nashgroup.com/wp-content/uploads/2024/01/31.png" alt="" height="240" width="350"/></div></div><div class="gutentor-single-item-content"><h3 class="gutentor-single-item-title"><strong><a href="https://www.nashgroup.com/team/ronald-finkelstein-mba/">Ronald Finkelstein, </a><a href="https://www.nashgroup.com/ronald-finkelstein/">B.Eng, MBA</a></strong></h3><p class="gutentor-single-item-designation"><em><em><em>Director del Servicio de Tecnología y Aplicaciones</em></em></em></p><p class="gutentor-single-item-desc">Ronald Finkelstein es el director de servicios de aplicaciones de The Nash Group, donde dirige el desarrollo de software y la administración de redes. Ronald cuenta con más de 20 años de amplia experiencia en consultoría de tecnologías de la información, diseño de Internet, programación de software, despliegue e implementación</p><a class="gutentor-button gutentor-single-item-button gutentor-icon-hide" href="https://www.nashgroup.com/ronald-finkelstein/"><i class="gutentor-button-icon fas fa-book"></i><span><a href="https://www.nashgroup.com/es/ronald-finkelstein/">Leer más</a></span></a></div></div></div></div><div class="gutentor-grid-column grid-lg-4 grid-md-4 grid-12"><div class="gutentor-single-item gutentor-image team-template1 gutentor-single-item-7"><div class="gutentor-template-wrapper"><div class="gutentor-single-item-image-box"><div class="gutentor-image-thumb"><img loading="lazy" decoding="async" class="normal-image" src="https://www.nashgroup.com/wp-content/uploads/2024/01/30.png" alt="" height="240" width="350"/></div></div><div class="gutentor-single-item-content"><h3 class="gutentor-single-item-title"><strong><a href="https://www.nashgroup.com/team/pedro-tobo/">Pedro Tobo, </a><a href="https://www.nashgroup.com/pedro-tobo/">B</a></strong>.Eng</h3><p class="gutentor-single-item-designation"><em><em>Ingeniero de Aplicaciones Senior</em></em></p><p class="gutentor-single-item-desc">Pedro Tobo es ingeniero de diseño de aplicaciones y herramientas empresariales en The Nash Group, con más de 10 años de experiencia como diseñador, programador y consultor. Ha trabajado en una gran variedad de proyectos que van desde el desarrollo de marcos de software hasta el diseño completo de aplicaciones.<br></p><a class="gutentor-button gutentor-single-item-button gutentor-icon-hide" href="https://www.nashgroup.com/pedro-tobo/"><i class="gutentor-button-icon fas fa-book"></i><span><a href="https://www.nashgroup.com/es/pedro-tobo/">Leer más</a></span></a></div></div></div></div></div></div></section>

<p>Décadas de experiencia sanitaria. El equipo del Grupo Nash ha estado en su lugar. Deborah Terry y David Ledersnaider Ph.D. dirigen el equipo y son ampliamente reconocidos por su excelencia &#8230;</p>
